{"id":130,"date":"2025-01-03T19:11:25","date_gmt":"2025-01-03T18:11:25","guid":{"rendered":"https:\/\/competent-murdock.54-38-5-165.plesk.page\/?page_id=130"},"modified":"2025-01-04T20:44:54","modified_gmt":"2025-01-04T19:44:54","slug":"interactive-experience","status":"publish","type":"page","link":"https:\/\/champagne-bond500.com\/eng\/experience-interactive\/","title":{"rendered":"Interactive Experience"},"content":{"rendered":"<div data-elementor-type=\"wp-page\" data-elementor-id=\"130\" class=\"elementor elementor-130\" data-elementor-post-type=\"page\">\n\t\t\t\t<div class=\"elementor-element elementor-element-e04450b e-flex e-con-boxed e-con e-parent\" data-id=\"e04450b\" data-element_type=\"container\" data-e-type=\"container\" data-settings=\"{&quot;background_background&quot;:&quot;classic&quot;}\">\n\t\t\t\t\t<div class=\"e-con-inner\">\n\t\t<div class=\"elementor-element elementor-element-2e29915 e-con-full e-flex e-con e-child\" data-id=\"2e29915\" data-element_type=\"container\" data-e-type=\"container\">\n\t\t\t\t<div class=\"elementor-element elementor-element-6d2ba2a elementor-invisible elementor-widget elementor-widget-heading\" data-id=\"6d2ba2a\" data-element_type=\"widget\" data-e-type=\"widget\" data-settings=\"{&quot;_animation&quot;:&quot;fadeInDown&quot;}\" data-widget_type=\"heading.default\">\n\t\t\t\t<div class=\"elementor-widget-container\">\n\t\t\t\t\t<h2 class=\"elementor-heading-title elementor-size-default\">An Experience Beyond Tasting<\/h2>\t\t\t\t<\/div>\n\t\t\t\t<\/div>\n\t\t\t\t<div class=\"elementor-element elementor-element-7a0cf63 elementor-widget elementor-widget-heading\" data-id=\"7a0cf63\" data-element_type=\"widget\" data-e-type=\"widget\" data-widget_type=\"heading.default\">\n\t\t\t\t<div class=\"elementor-widget-container\">\n\t\t\t\t\t<h1 class=\"elementor-heading-title elementor-size-default\">Interactive Experience: Champagne, Luxury and Technology<\/h1>\t\t\t\t<\/div>\n\t\t\t\t<\/div>\n\t\t\t\t<div class=\"elementor-element elementor-element-4754273 elementor-widget elementor-widget-text-editor\" data-id=\"4754273\" data-element_type=\"widget\" data-e-type=\"widget\" data-widget_type=\"text-editor.default\">\n\t\t\t\t<div class=\"elementor-widget-container\">\n\t\t\t\t\t\t\t\t\t<p>At <strong>Bond 500<\/strong>, each bottle of champagne becomes a gateway to an exclusive digital universe.<br \/>We're reinventing the tasting experience by integrating innovative technologies to offer much more than just an exceptional product. Discover how the world of luxury and champagne blends with the interactive universe thanks to blockchain and NFT.<\/p>\t\t\t\t\t\t\t\t<\/div>\n\t\t\t\t<\/div>\n\t\t\t\t<\/div>\n\t\t\t\t\t<\/div>\n\t\t\t\t<\/div>\n\t\t<div class=\"elementor-element elementor-element-5d36c4db e-flex e-con-boxed e-con e-parent\" data-id=\"5d36c4db\" data-element_type=\"container\" data-e-type=\"container\">\n\t\t\t\t\t<div class=\"e-con-inner\">\n\t\t<div class=\"elementor-element elementor-element-af0a336 e-con-full e-flex elementor-invisible e-con e-child\" data-id=\"af0a336\" data-element_type=\"container\" data-e-type=\"container\" data-settings=\"{&quot;background_background&quot;:&quot;classic&quot;,&quot;animation&quot;:&quot;zoomIn&quot;}\">\n\t\t\t\t<div class=\"elementor-element elementor-element-4f0c8ce elementor-widget elementor-widget-heading\" data-id=\"4f0c8ce\" data-element_type=\"widget\" data-e-type=\"widget\" data-widget_type=\"heading.default\">\n\t\t\t\t<div class=\"elementor-widget-container\">\n\t\t\t\t\t<h2 class=\"elementor-heading-title elementor-size-default\">Innovation at the Heart of Every Bottle\n<\/h2>\t\t\t\t<\/div>\n\t\t\t\t<\/div>\n\t\t<div class=\"elementor-element elementor-element-55ce51d e-grid e-con-full e-con e-child\" data-id=\"55ce51d\" data-element_type=\"container\" data-e-type=\"container\">\n\t\t\t\t<div class=\"elementor-element elementor-element-20cfc4f9 elementor-widget elementor-widget-text-editor\" data-id=\"20cfc4f9\" data-element_type=\"widget\" data-e-type=\"widget\" data-widget_type=\"text-editor.default\">\n\t\t\t\t<div class=\"elementor-widget-container\">\n\t\t\t\t\t\t\t\t\t<p>Chaque bouteille de champagne Bond 500 est dot\u00e9e d\u2019un <strong>identifiant unique enregistr\u00e9 sur une blockchain<\/strong>.<\/p><ul><li><strong>Authenticit\u00e9 garantie<\/strong> : Chaque bouteille est tra\u00e7able, \u00e9liminant les risques de contrefa\u00e7on.<\/li><li><strong>Exclusivit\u00e9 assur\u00e9e<\/strong> : Chaque identifiant donne acc\u00e8s \u00e0 des exp\u00e9riences uniques.<\/li><\/ul><p>Gr\u00e2ce \u00e0 cette technologie, nous \u00e9levons le champagne au rang d\u2019objet de collection, alliant prestige et innovation.<\/p>\t\t\t\t\t\t\t\t<\/div>\n\t\t\t\t<\/div>\n\t\t\t\t<div class=\"elementor-element elementor-element-46ec15e elementor-arrows-position-inside elementor-pagination-position-outside elementor-widget elementor-widget-image-carousel\" data-id=\"46ec15e\" data-element_type=\"widget\" data-e-type=\"widget\" data-settings=\"{&quot;slides_to_show&quot;:&quot;2&quot;,&quot;slides_to_show_tablet&quot;:&quot;1&quot;,&quot;slides_to_show_mobile&quot;:&quot;2&quot;,&quot;slides_to_scroll&quot;:&quot;1&quot;,&quot;image_spacing_custom&quot;:{&quot;unit&quot;:&quot;px&quot;,&quot;size&quot;:10,&quot;sizes&quot;:[]},&quot;navigation&quot;:&quot;both&quot;,&quot;autoplay&quot;:&quot;yes&quot;,&quot;pause_on_hover&quot;:&quot;yes&quot;,&quot;pause_on_interaction&quot;:&quot;yes&quot;,&quot;autoplay_speed&quot;:5000,&quot;infinite&quot;:&quot;yes&quot;,&quot;speed&quot;:500,&quot;image_spacing_custom_mobile&quot;:{&quot;unit&quot;:&quot;px&quot;,&quot;size&quot;:&quot;&quot;,&quot;sizes&quot;:[]}}\" data-widget_type=\"image-carousel.default\">\n\t\t\t\t<div class=\"elementor-widget-container\">\n\t\t\t\t\t\t\t<div class=\"elementor-image-carousel-wrapper swiper\" role=\"region\" aria-roledescription=\"carousel\" aria-label=\"Concept Bond 500\" dir=\"ltr\">\n\t\t\t<div class=\"elementor-image-carousel swiper-wrapper\" aria-live=\"off\">\n\t\t\t\t\t\t\t\t<div class=\"swiper-slide\" role=\"group\" aria-roledescription=\"slide\" aria-label=\"1 sur 2\"><figure class=\"swiper-slide-inner\"><img decoding=\"async\" class=\"swiper-slide-image\" src=\"https:\/\/champagne-bond500.com\/wp-content\/uploads\/2025\/01\/Experience-interactive.webp\" alt=\"Expe\u0301rience, interactive\" \/><\/figure><\/div><div class=\"swiper-slide\" role=\"group\" aria-roledescription=\"slide\" aria-label=\"2 sur 2\"><figure class=\"swiper-slide-inner\"><img decoding=\"async\" class=\"swiper-slide-image\" src=\"https:\/\/champagne-bond500.com\/wp-content\/uploads\/2025\/01\/Champagne-Code-QR-NFC-Blockchain.webp\" alt=\"Champagne Code QR NFC Blockchain\" \/><\/figure><\/div>\t\t\t<\/div>\n\t\t\t\t\t\t\t\t\t\t\t\t<div class=\"elementor-swiper-button elementor-swiper-button-prev\" role=\"button\" tabindex=\"0\">\n\t\t\t\t\t\t<svg aria-hidden=\"true\" class=\"e-font-icon-svg e-eicon-chevron-left\" viewbox=\"0 0 1000 1000\" xmlns=\"http:\/\/www.w3.org\/2000\/svg\"><path d=\"M646 125C629 125 613 133 604 142L308 442C296 454 292 471 292 487 292 504 296 521 308 533L604 854C617 867 629 875 646 875 663 875 679 871 692 858 704 846 713 829 713 812 713 796 708 779 692 767L438 487 692 225C700 217 708 204 708 187 708 171 704 154 692 142 675 129 663 125 646 125Z\"><\/path><\/svg>\t\t\t\t\t<\/div>\n\t\t\t\t\t<div class=\"elementor-swiper-button elementor-swiper-button-next\" role=\"button\" tabindex=\"0\">\n\t\t\t\t\t\t<svg aria-hidden=\"true\" class=\"e-font-icon-svg e-eicon-chevron-right\" viewbox=\"0 0 1000 1000\" xmlns=\"http:\/\/www.w3.org\/2000\/svg\"><path d=\"M696 533C708 521 713 504 713 487 713 471 708 454 696 446L400 146C388 133 375 125 354 125 338 125 325 129 313 142 300 154 292 171 292 187 292 204 296 221 308 233L563 492 304 771C292 783 288 800 288 817 288 833 296 850 308 863 321 871 338 875 354 875 371 875 388 867 400 854L696 533Z\"><\/path><\/svg>\t\t\t\t\t<\/div>\n\t\t\t\t\n\t\t\t\t\t\t\t\t\t<div class=\"swiper-pagination\"><\/div>\n\t\t\t\t\t\t\t\t\t<\/div>\n\t\t\t\t\t\t<\/div>\n\t\t\t\t<\/div>\n\t\t\t\t<\/div>\n\t\t\t\t<\/div>\n\t\t\t\t\t<\/div>\n\t\t\t\t<\/div>\n\t\t<div class=\"elementor-element elementor-element-4206cf5 e-flex e-con-boxed e-con e-parent\" data-id=\"4206cf5\" data-element_type=\"container\" data-e-type=\"container\">\n\t\t\t\t\t<div class=\"e-con-inner\">\n\t\t<div class=\"elementor-element elementor-element-39faaf7 e-con-full e-flex elementor-invisible e-con e-child\" data-id=\"39faaf7\" data-element_type=\"container\" data-e-type=\"container\" data-settings=\"{&quot;background_background&quot;:&quot;classic&quot;,&quot;animation&quot;:&quot;zoomIn&quot;}\">\n\t\t\t\t<div class=\"elementor-element elementor-element-3a48be8 elementor-widget elementor-widget-heading\" data-id=\"3a48be8\" data-element_type=\"widget\" data-e-type=\"widget\" data-widget_type=\"heading.default\">\n\t\t\t\t<div class=\"elementor-widget-container\">\n\t\t\t\t\t<h2 class=\"elementor-heading-title elementor-size-default\">Unique NFTs for every collection<\/h2>\t\t\t\t<\/div>\n\t\t\t\t<\/div>\n\t\t\t\t<div class=\"elementor-element elementor-element-65c20cc elementor-widget elementor-widget-text-editor\" data-id=\"65c20cc\" data-element_type=\"widget\" data-e-type=\"widget\" data-widget_type=\"text-editor.default\">\n\t\t\t\t<div class=\"elementor-widget-container\">\n\t\t\t\t\t\t\t\t\t<p>En acqu\u00e9rant une bouteille Bond 500, vous obtenez \u00e9galement un <strong>NFT exclusif<\/strong> li\u00e9 \u00e0 la collection.<\/p><ul><li><strong>\u0152uvres num\u00e9riques<\/strong> : D\u00e9couvrez des visuels artistiques et animations exclusifs.<\/li><li><strong>Privileged access<\/strong> : Profitez de contenus immersifs et de privil\u00e8ges r\u00e9serv\u00e9s aux d\u00e9tenteurs.<\/li><li><strong>\u00c9dition limit\u00e9e<\/strong> : Chaque NFT est unique, comme votre exp\u00e9rience.<\/li><\/ul><p>Les NFT cr\u00e9\u00e9s pour nos collections sont une passerelle vers un monde o\u00f9 l\u2019art, la technologie et le luxe se rencontrent.<\/p>\t\t\t\t\t\t\t\t<\/div>\n\t\t\t\t<\/div>\n\t\t\t\t<\/div>\n\t\t\t\t\t<\/div>\n\t\t\t\t<\/div>\n\t\t<div class=\"elementor-element elementor-element-8aac11e e-flex e-con-boxed e-con e-parent\" data-id=\"8aac11e\" data-element_type=\"container\" data-e-type=\"container\">\n\t\t\t\t\t<div class=\"e-con-inner\">\n\t\t<div class=\"elementor-element elementor-element-c05abc5 e-con-full e-flex elementor-invisible e-con e-child\" data-id=\"c05abc5\" data-element_type=\"container\" data-e-type=\"container\" data-settings=\"{&quot;background_background&quot;:&quot;classic&quot;,&quot;animation&quot;:&quot;zoomIn&quot;}\">\n\t\t\t\t<div class=\"elementor-element elementor-element-9b4987a elementor-widget elementor-widget-heading\" data-id=\"9b4987a\" data-element_type=\"widget\" data-e-type=\"widget\" data-widget_type=\"heading.default\">\n\t\t\t\t<div class=\"elementor-widget-container\">\n\t\t\t\t\t<h2 class=\"elementor-heading-title elementor-size-default\">Mini Games and Partner Offers<\/h2>\t\t\t\t<\/div>\n\t\t\t\t<\/div>\n\t\t\t\t<div class=\"elementor-element elementor-element-75ce2c5 elementor-widget elementor-widget-text-editor\" data-id=\"75ce2c5\" data-element_type=\"widget\" data-e-type=\"widget\" data-widget_type=\"text-editor.default\">\n\t\t\t\t<div class=\"elementor-widget-container\">\n\t\t\t\t\t\t\t\t\t<p>Avec Bond 500, chaque d\u00e9gustation devient une aventure interactive.<\/p><ul><li><strong>Mini-jeux th\u00e9matiques<\/strong> : Acc\u00e9dez \u00e0 des jeux d\u00e9velopp\u00e9s en partenariat avec nos collaborateurs (casinos, h\u00f4tels, \u00e9v\u00e9nements).<\/li><li><strong>Offres exclusives<\/strong> : D\u00e9bloquez des r\u00e9ductions, invitations priv\u00e9es ou cadeaux gr\u00e2ce \u00e0 votre bouteille.<\/li><li><strong>Interactions immersives<\/strong> : Connectez-vous avec les marques partenaires et d\u00e9couvrez leurs univers de mani\u00e8re ludique et engageante.<\/li><\/ul><p>Ces exp\u00e9riences enrichissent votre relation avec nos collections et cr\u00e9ent une nouvelle mani\u00e8re d\u2019interagir avec le champagne.<\/p>\t\t\t\t\t\t\t\t<\/div>\n\t\t\t\t<\/div>\n\t\t\t\t<div class=\"elementor-element elementor-element-57bcab0 elementor-align-center elementor-invisible elementor-widget elementor-widget-button\" data-id=\"57bcab0\" data-element_type=\"widget\" data-e-type=\"widget\" data-settings=\"{&quot;_animation&quot;:&quot;bounceIn&quot;}\" data-widget_type=\"button.default\">\n\t\t\t\t<div class=\"elementor-widget-container\">\n\t\t\t\t\t\t\t\t\t<div class=\"elementor-button-wrapper\">\n\t\t\t\t\t<a class=\"elementor-button elementor-button-link elementor-size-sm\" href=\"https:\/\/champagne-bond500.com\/eng\/collections\/\">\n\t\t\t\t\t\t<span class=\"elementor-button-content-wrapper\">\n\t\t\t\t\t\t\t\t\t<span class=\"elementor-button-text\">Discover Our Collections<\/span>\n\t\t\t\t\t<\/span>\n\t\t\t\t\t<\/a>\n\t\t\t\t<\/div>\n\t\t\t\t\t\t\t\t<\/div>\n\t\t\t\t<\/div>\n\t\t\t\t<\/div>\n\t\t\t\t\t<\/div>\n\t\t\t\t<\/div>\n\t\t<div class=\"elementor-element elementor-element-2a71ed5 e-flex e-con-boxed e-con e-parent\" data-id=\"2a71ed5\" data-element_type=\"container\" data-e-type=\"container\">\n\t\t\t\t\t<div class=\"e-con-inner\">\n\t\t<div class=\"elementor-element elementor-element-4b4b3b2 e-con-full e-flex elementor-invisible e-con e-child\" data-id=\"4b4b3b2\" data-element_type=\"container\" data-e-type=\"container\" data-settings=\"{&quot;background_background&quot;:&quot;classic&quot;,&quot;animation&quot;:&quot;zoomIn&quot;}\">\n\t\t\t\t<div class=\"elementor-element elementor-element-40e19a4 elementor-widget elementor-widget-heading\" data-id=\"40e19a4\" data-element_type=\"widget\" data-e-type=\"widget\" data-widget_type=\"heading.default\">\n\t\t\t\t<div class=\"elementor-widget-container\">\n\t\t\t\t\t<h2 class=\"elementor-heading-title elementor-size-default\">How does it work?<\/h2>\t\t\t\t<\/div>\n\t\t\t\t<\/div>\n\t\t\t\t<div class=\"elementor-element elementor-element-cd554b8 elementor-widget elementor-widget-text-editor\" data-id=\"cd554b8\" data-element_type=\"widget\" data-e-type=\"widget\" data-widget_type=\"text-editor.default\">\n\t\t\t\t<div class=\"elementor-widget-container\">\n\t\t\t\t\t\t\t\t\t<ul><li><strong>Scan the tag<\/strong> on your bottle using our app or on our website.<\/li><li>Acc\u00e9dez \u00e0 votre <strong>NFT exclusif<\/strong> et explorez les contenus interactifs.<\/li><li>Participez \u00e0 des mini-jeux et profitez des <strong>offres exclusives<\/strong> associ\u00e9es \u00e0 la collection.<\/li><\/ul>\t\t\t\t\t\t\t\t<\/div>\n\t\t\t\t<\/div>\n\t\t\t\t<\/div>\n\t\t\t\t\t<\/div>\n\t\t\t\t<\/div>\n\t\t<div class=\"elementor-element elementor-element-42f8c0d e-flex e-con-boxed e-con e-parent\" data-id=\"42f8c0d\" data-element_type=\"container\" data-e-type=\"container\">\n\t\t\t\t\t<div class=\"e-con-inner\">\n\t\t<div class=\"elementor-element elementor-element-1fad170 e-con-full e-flex elementor-invisible e-con e-child\" data-id=\"1fad170\" data-element_type=\"container\" data-e-type=\"container\" data-settings=\"{&quot;background_background&quot;:&quot;classic&quot;,&quot;animation&quot;:&quot;zoomIn&quot;}\">\n\t\t\t\t<div class=\"elementor-element elementor-element-72c4745 elementor-widget elementor-widget-heading\" data-id=\"72c4745\" data-element_type=\"widget\" data-e-type=\"widget\" data-widget_type=\"heading.default\">\n\t\t\t\t<div class=\"elementor-widget-container\">\n\t\t\t\t\t<h2 class=\"elementor-heading-title elementor-size-default\">Join the Interactive Adventure<\/h2>\t\t\t\t<\/div>\n\t\t\t\t<\/div>\n\t\t\t\t<div class=\"elementor-element elementor-element-79eeba2 elementor-widget elementor-widget-text-editor\" data-id=\"79eeba2\" data-element_type=\"widget\" data-e-type=\"widget\" data-widget_type=\"text-editor.default\">\n\t\t\t\t<div class=\"elementor-widget-container\">\n\t\t\t\t\t\t\t\t\t<p>Enjoy an exceptional champagne while discovering a captivating digital universe. With Bond 500, you're not just drinking a bottle of champagne, you're entering a world where luxury and innovation meet.<\/p>\t\t\t\t\t\t\t\t<\/div>\n\t\t\t\t<\/div>\n\t\t<div class=\"elementor-element elementor-element-b68c3c8 e-grid e-con-full e-con e-child\" data-id=\"b68c3c8\" data-element_type=\"container\" data-e-type=\"container\">\n\t\t\t\t<div class=\"elementor-element elementor-element-8f64410 elementor-align-center elementor-invisible elementor-widget elementor-widget-button\" data-id=\"8f64410\" data-element_type=\"widget\" data-e-type=\"widget\" data-settings=\"{&quot;_animation&quot;:&quot;bounceIn&quot;}\" data-widget_type=\"button.default\">\n\t\t\t\t<div class=\"elementor-widget-container\">\n\t\t\t\t\t\t\t\t\t<div class=\"elementor-button-wrapper\">\n\t\t\t\t\t<a class=\"elementor-button elementor-button-link elementor-size-sm\" href=\"https:\/\/champagne-bond500.com\/eng\/collections\/\">\n\t\t\t\t\t\t<span class=\"elementor-button-content-wrapper\">\n\t\t\t\t\t\t\t\t\t<span class=\"elementor-button-text\">Explore our Interactive Collections<\/span>\n\t\t\t\t\t<\/span>\n\t\t\t\t\t<\/a>\n\t\t\t\t<\/div>\n\t\t\t\t\t\t\t\t<\/div>\n\t\t\t\t<\/div>\n\t\t\t\t<div class=\"elementor-element elementor-element-ffe92ef elementor-align-center elementor-invisible elementor-widget elementor-widget-button\" data-id=\"ffe92ef\" data-element_type=\"widget\" data-e-type=\"widget\" data-settings=\"{&quot;_animation&quot;:&quot;bounceIn&quot;}\" data-widget_type=\"button.default\">\n\t\t\t\t<div class=\"elementor-widget-container\">\n\t\t\t\t\t\t\t\t\t<div class=\"elementor-button-wrapper\">\n\t\t\t\t\t<a class=\"elementor-button elementor-button-link elementor-size-sm\" href=\"#\">\n\t\t\t\t\t\t<span class=\"elementor-button-content-wrapper\">\n\t\t\t\t\t\t\t\t\t<span class=\"elementor-button-text\">Find out more about NFT and blockchain<\/span>\n\t\t\t\t\t<\/span>\n\t\t\t\t\t<\/a>\n\t\t\t\t<\/div>\n\t\t\t\t\t\t\t\t<\/div>\n\t\t\t\t<\/div>\n\t\t\t\t<\/div>\n\t\t\t\t<\/div>\n\t\t\t\t\t<\/div>\n\t\t\t\t<\/div>\n\t\t\t\t<\/div>","protected":false},"excerpt":{"rendered":"<p>Une Exp\u00e9rience au-del\u00e0 de la D\u00e9gustation Exp\u00e9rience Interactive : Champagne, Luxe et Technologie Chez Bond 500, chaque bouteille de champagne devient une porte d\u2019entr\u00e9e vers un univers digital exclusif.Nous r\u00e9inventons l\u2019exp\u00e9rience de d\u00e9gustation en int\u00e9grant des technologies innovantes pour offrir bien plus qu\u2019un produit d\u2019exception. D\u00e9couvrez comment le monde du luxe et du champagne se [&hellip;]<\/p>\n","protected":false},"author":1,"featured_media":7,"parent":0,"menu_order":0,"comment_status":"closed","ping_status":"closed","template":"elementor_header_footer","meta":{"footnotes":""},"class_list":["post-130","page","type-page","status-publish","has-post-thumbnail","hentry"],"_links":{"self":[{"href":"https:\/\/champagne-bond500.com\/eng\/wp-json\/wp\/v2\/pages\/130","targetHints":{"allow":["GET"]}}],"collection":[{"href":"https:\/\/champagne-bond500.com\/eng\/wp-json\/wp\/v2\/pages"}],"about":[{"href":"https:\/\/champagne-bond500.com\/eng\/wp-json\/wp\/v2\/types\/page"}],"author":[{"embeddable":true,"href":"https:\/\/champagne-bond500.com\/eng\/wp-json\/wp\/v2\/users\/1"}],"replies":[{"embeddable":true,"href":"https:\/\/champagne-bond500.com\/eng\/wp-json\/wp\/v2\/comments?post=130"}],"version-history":[{"count":58,"href":"https:\/\/champagne-bond500.com\/eng\/wp-json\/wp\/v2\/pages\/130\/revisions"}],"predecessor-version":[{"id":534,"href":"https:\/\/champagne-bond500.com\/eng\/wp-json\/wp\/v2\/pages\/130\/revisions\/534"}],"wp:featuredmedia":[{"embeddable":true,"href":"https:\/\/champagne-bond500.com\/eng\/wp-json\/wp\/v2\/media\/7"}],"wp:attachment":[{"href":"https:\/\/champagne-bond500.com\/eng\/wp-json\/wp\/v2\/media?parent=130"}],"curies":[{"name":"wp","href":"https:\/\/api.w.org\/{rel}","templated":true}]}}